{"id":5,"date":"2025-03-14T19:15:39","date_gmt":"2025-03-14T18:15:39","guid":{"rendered":"http:\/\/jessaservices.com\/index.php\/one-page-express\/"},"modified":"2025-03-22T15:09:54","modified_gmt":"2025-03-22T14:09:54","slug":"one-page-express","status":"publish","type":"page","link":"https:\/\/jessaservices.com\/","title":{"rendered":"Front Page"},"content":{"rendered":"<div  id=\"about\" style=\"background-color: rgb(255, 255, 255);\" data-label=\"About\" data-id=\"about-big-images-section\" data-category=\"about\" class=\"about-big-images-section\"> <div  class=\"\"> <div  class=\"about-big-images-textrow\"> <div  class=\"about-big-images-textcol dynamic-color\" data-type=\"column\"> <h5  class=\"\" style=\"line-height: 27px; outline: rgb(204, 204, 204) solid 1px;\">Bienvenue chez Jessa Services<\/h5> <h3  class=\"\">Votre partenaire de confiance pour un nettoyage impeccable, que vous soyez particulier ou professionnel.&nbsp;<\/h3> <p  class=\"\">Sp\u00e9cialistes de l\u2019entretien et de la propret\u00e9, nous vous offrons des prestations sur mesure adapt\u00e9es \u00e0 vos besoins : nettoyage de bureaux, d\u2019immeubles, de maisons, de commerces ou encore de repassage.<\/p> <p  class=\"\">Notre engagement ? Vous garantir un environnement sain, agr\u00e9able et impeccable gr\u00e2ce \u00e0 des m\u00e9thodes efficaces et des produits respectueux de votre espace et de l\u2019environnement. Faites appel \u00e0 Jessa Services pour une propret\u00e9 sans compromis et un service \u00e0 la hauteur de vos attentes.<\/p><a  class=\"button blue big\" href=\"#contact\" target=\"_self\">CONTACTEZ NOUS<\/a> <\/div> <\/div> <\/div> <div  class=\"about-big-images-bottomrow\"> <div  class=\"about-big-images-leftimgcol\"><img  decoding=\"async\" class=\"about-big-images-leftimg\" src=\"https:\/\/jessaservices.com\/wp-content\/uploads\/2025\/03\/SAVDnvw8OaAGYe7H-generated_image.jpg\" alt=\"\"> <\/div> <div  class=\"about-big-images-centerimgcol\"><img  decoding=\"async\" class=\"about-big-images-centerimg\" src=\"https:\/\/jessaservices.com\/wp-content\/uploads\/2025\/03\/photo-1627905646269-7f034dcc5738.jpeg\" alt=\"\"> <\/div> <div  class=\"about-big-images-rightimgcol\"><img  decoding=\"async\" class=\"about-big-images-rightimg\" src=\"https:\/\/jessaservices.com\/wp-content\/uploads\/2025\/03\/photo-1610389473058-fd68ad1d8bac-scaled.jpeg\" alt=\"\"> <\/div> <\/div> <\/div><div  id=\"overlapable\" style=\"background-color: rgb(246, 246, 246);\" data-label=\"Overlapable\" data-id=\"stripped-coloured-icon-boxes\" data-category=\"overlapable\" class=\"features-coloured-icon-boxes-section\" data-overlap=\"true\"> <div  class=\"gridContainer\"> <div  class=\"features-coloured-icon-boxes-innerrow flexbox-list dark-text\" data-type=\"row\"> <div  class=\"features-coloured-icon-boxes-featurecol cp3cols\"> <div  class=\"features-coloured-icon-boxes-iconcontainer\" data-content-item-container=\"true\"> <i  data-cp-fa=\"true\" class=\"features-coloured-icon fa fa-superpowers\"><\/i> <\/div> <h4  class=\"\">Excellence<\/h4> <p  class=\"\">Nous mettons un point d\u2019honneur \u00e0 fournir des prestations de nettoyage irr\u00e9prochables, en garantissant un service efficace, professionnel et conforme aux exigences de nos clients.<\/p>  <\/div>  <div  class=\"features-coloured-icon-boxes-featurecol cp3cols\"> <div  class=\"features-coloured-icon-boxes-iconcontainer\" data-content-item-container=\"true\"> <i  data-cp-fa=\"true\" class=\"features-coloured-icon fa fa-check-square-o\"><\/i> <\/div> <h4  class=\"\">Fiabilit\u00e9<\/h4> <p  class=\"\">La confiance est au c\u0153ur de notre engagement. Nous assurons ponctualit\u00e9, rigueur et discr\u00e9tion pour offrir un service fiable, constant et \u00e0 la hauteur de vos attentes.<\/p>  <\/div> <div  class=\"features-coloured-icon-boxes-featurecol cp3cols\"> <div  class=\"features-coloured-icon-boxes-iconcontainer\" data-content-item-container=\"true\"> <i  data-cp-fa=\"true\" class=\"features-coloured-icon fa fa-american-sign-language-interpreting\"><\/i> <\/div> <h4  class=\"\">Satisfaction Client<\/h4> <p  class=\"\">Votre satisfaction est notre priorit\u00e9. Nous nous adaptons aux besoins sp\u00e9cifiques de chaque client pour garantir des espaces sains, agr\u00e9ables et impeccablement entretenus.<\/p>  <\/div> <\/div> <\/div><\/div><div  id=\"localisation\" style=\"background-color: rgb(255, 255, 255);\" data-label=\"Localisation\" data-id=\"content-image-right\" data-category=\"content\" class=\"content-right-image-section\"> <div  class=\"gridContainer\"> <div  class=\"content-right-image-gridcol\"> <div  class=\"content-right-image-textcol dynamic-color\" data-type=\"column\">  <h3  class=\"\">Votre partenaire propret\u00e9 \u00e0 Nantes et sa p\u00e9riph\u00e9rie<\/h3><p  class=\"large_text\">Nous intervenons \u00e0 \ud835\udde1\ud835\uddee\ud835\uddfb\ud835\ude01\ud835\uddf2\ud835\ude00, \ud835\udde6\ud835\uddee\ud835\uddf6\ud835\uddfb\ud835\ude01-\ud835\udddb\ud835\uddf2\ud835\uddff\ud835\uddef\ud835\uddf9\ud835\uddee\ud835\uddf6\ud835\uddfb, \ud835\udde2\ud835\uddff\ud835\ude03\ud835\uddee\ud835\ude02\ud835\uddf9\ud835\ude01 \ud835\uddf2\ud835\ude01 \ud835\udde6\ud835\uddee\ud835\ude02\ud835\ude01\ud835\uddff\ud835\uddfc\ud835\uddfb pour assurer des prestations de nettoyage, de m\u00e9nage et de repassage de qualit\u00e9, adapt\u00e9es aux particuliers et aux professionnels. Que ce soit pour l\u2019entretien de bureaux, de locaux commerciaux, d\u2019immeubles ou de logements, nous sommes \u00e0 votre service pour garantir des espaces propres et agr\u00e9ables au quotidien.<br ><br >\ud83d\udccd \ud835\uddd5\ud835\uddf2\ud835\ude00\ud835\uddfc\ud835\uddf6\ud835\uddfb \ud835\uddf1\u2019\ud835\ude02\ud835\uddfb \ud835\ude00\ud835\uddf2\ud835\uddff\ud835\ude03\ud835\uddf6\ud835\uddf0\ud835\uddf2 \ud835\uddf1\ud835\uddf2 \ud835\uddfb\ud835\uddf2\ud835\ude01\ud835\ude01\ud835\uddfc\ud835\ude06\ud835\uddee\ud835\uddf4\ud835\uddf2 \ud835\uddf1\ud835\uddee\ud835\uddfb\ud835\ude00 \ud835\uddf0\ud835\uddf2\ud835\ude00 \ud835\uddf0\ud835\uddfc\ud835\uddfa\ud835\uddfa\ud835\ude02\ud835\uddfb\ud835\uddf2\ud835\ude00 ? \ud835\uddd6\ud835\uddfc\ud835\uddfb\ud835\ude01\ud835\uddee\ud835\uddf0\ud835\ude01\ud835\uddf2\ud835\ude07-\ud835\uddfb\ud835\uddfc\ud835\ude02\ud835\ude00 \ud835\uddf1\ud835\uddf2\u0300\ud835\ude00 \ud835\uddfa\ud835\uddee\ud835\uddf6\ud835\uddfb\ud835\ude01\ud835\uddf2\ud835\uddfb\ud835\uddee\ud835\uddfb\ud835\ude01 !<\/p>  <\/div> <div  class=\"content-right-image-imgcol\" data-type=\"column\"> <img  decoding=\"async\" src=\"https:\/\/jessaservices.com\/wp-content\/uploads\/2025\/03\/photo-1513759338966-5de23c844b3a-scaled-e1742057663612.jpeg\" class=\"\" alt=\"\"> <\/div> <\/div> <\/div> <\/div><div  id=\"contact\" data-label=\"Contact\" data-id=\"contact-section\" data-category=\"contact\" data-bg=\"transparent\" class=\"contact-section-formsection white-text\"> <div  class=\"\"> <div  class=\"row_224\"> <div  class=\"contact-textrow\"> <div  class=\"contact-textcol dynamic-color\"> <h2  class=\"\">PRISE DE CONTACT<\/h2> <p  class=\"white_text\">Besoin d\u2019un service de nettoyage, de m\u00e9nage, de repassage ? \n<br >\nVous souhaitez rejoindre notre \u00e9quipe ?<br >Contactez-nous !<br ><br >Que vous soyez un particulier ou un professionnel, Jessa Services est \u00e0 votre \u00e9coute pour r\u00e9pondre \u00e0 vos besoins.<\/p> <\/div> <\/div> <\/div> <div  class=\"contact-formcol\" data-content-shortcode=\"one_page_express_contact_form shortcode=&quot;contact-form-7 id=&amp;amp;quot;3d1c2b7&amp;amp;quot; title=&amp;amp;quot;Formulaire de contact&amp;amp;quot;&quot;\" data-editable=\"true\">\n<div class=\"wpcf7 no-js\" id=\"wpcf7-f38-o1\" lang=\"fr-FR\" dir=\"ltr\" data-wpcf7-id=\"38\">\n<div class=\"screen-reader-response\"><p role=\"status\" aria-live=\"polite\" aria-atomic=\"true\"><\/p> <ul><\/ul><\/div>\n<form action=\"\/index.php\/wp-json\/wp\/v2\/pages\/5#wpcf7-f38-o1\" method=\"post\" class=\"wpcf7-form init\" aria-label=\"Formulaire de contact\" novalidate=\"novalidate\" data-status=\"init\">\n<fieldset class=\"hidden-fields-container\"><input type=\"hidden\" name=\"_wpcf7\" value=\"38\" \/><input type=\"hidden\" name=\"_wpcf7_version\" value=\"6.1.5\" \/><input type=\"hidden\" name=\"_wpcf7_locale\" value=\"fr_FR\" \/><input type=\"hidden\" name=\"_wpcf7_unit_tag\" value=\"wpcf7-f38-o1\" \/><input type=\"hidden\" name=\"_wpcf7_container_post\" value=\"0\" \/><input type=\"hidden\" name=\"_wpcf7_posted_data_hash\" value=\"\" \/><input type=\"hidden\" name=\"_wpcf7_recaptcha_response\" value=\"\" \/>\n<\/fieldset>\n<p><span class=\"wpcf7-form-control-wrap\" data-name=\"your-type\"><select class=\"wpcf7-form-control wpcf7-select wpcf7-validates-as-required\" aria-required=\"true\" aria-invalid=\"false\" name=\"your-type\"><option value=\"Professionnel\">Professionnel<\/option><option value=\"Particulier\">Particulier<\/option><\/select><\/span>\n<\/p>\n<p><span class=\"wpcf7-form-control-wrap\" data-name=\"your-demand\"><select class=\"wpcf7-form-control wpcf7-select wpcf7-validates-as-required\" aria-required=\"true\" aria-invalid=\"false\" name=\"your-demand\"><option value=\"Demande de devis\">Demande de devis<\/option><option value=\"Demande d&#039;informations\">Demande d&#039;informations<\/option><option value=\"Candidater\">Candidater<\/option><option value=\"Autre\">Autre<\/option><\/select><\/span>\n<\/p>\n<p><label> Votre nom<br \/>\n<span class=\"wpcf7-form-control-wrap\" data-name=\"your-name\"><input size=\"40\" maxlength=\"400\" class=\"wpcf7-form-control wpcf7-text wpcf7-validates-as-required\" autocomplete=\"name\" aria-required=\"true\" aria-invalid=\"false\" value=\"\" type=\"text\" name=\"your-name\" \/><\/span> <\/label>\n<\/p>\n<p><label> Votre e-mail<br \/>\n<span class=\"wpcf7-form-control-wrap\" data-name=\"your-email\"><input size=\"40\" maxlength=\"400\" class=\"wpcf7-form-control wpcf7-email wpcf7-validates-as-required wpcf7-text wpcf7-validates-as-email\" autocomplete=\"email\" aria-required=\"true\" aria-invalid=\"false\" value=\"\" type=\"email\" name=\"your-email\" \/><\/span> <\/label>\n<\/p>\n<p><label> Objet<br \/>\n<span class=\"wpcf7-form-control-wrap\" data-name=\"your-subject\"><input size=\"40\" maxlength=\"400\" class=\"wpcf7-form-control wpcf7-text wpcf7-validates-as-required\" aria-required=\"true\" aria-invalid=\"false\" value=\"\" type=\"text\" name=\"your-subject\" \/><\/span> <\/label>\n<\/p>\n<p><label> Votre message (facultatif)<br \/>\n<span class=\"wpcf7-form-control-wrap\" data-name=\"your-message\"><textarea cols=\"40\" rows=\"10\" maxlength=\"2000\" class=\"wpcf7-form-control wpcf7-textarea\" aria-invalid=\"false\" name=\"your-message\"><\/textarea><\/span> <\/label>\n<\/p>\n<p><input class=\"wpcf7-form-control wpcf7-submit has-spinner\" type=\"submit\" value=\"Envoyer\" \/>\n<\/p><p style=\"display: none !important;\" class=\"akismet-fields-container\" data-prefix=\"_wpcf7_ak_\"><label>&#916;<textarea name=\"_wpcf7_ak_hp_textarea\" cols=\"45\" rows=\"8\" maxlength=\"100\"><\/textarea><\/label><input type=\"hidden\" id=\"ak_js_1\" name=\"_wpcf7_ak_js\" value=\"222\"\/><script>document.getElementById( \"ak_js_1\" ).setAttribute( \"value\", ( new Date() ).getTime() );<\/script><\/p><div class=\"wpcf7-response-output\" aria-hidden=\"true\"><\/div>\n<\/form>\n<\/div>\n<\/div> <\/div><\/div><div  id=\"recrutement\" data-label=\"Recrutement\" data-id=\"cta-blue-section\" data-category=\"cta\" class=\"cta-blue-section\"> <div  class=\"gridContainer\"> <div  class=\"flexbox-list flexbox-list-align-center row\"> <div  class=\"cta-blue-textcol dynamic-color\"> <h2  class=\"cta-blue-text\"> <b  class=\"element2\"> Nous recrutons. <\/b> Vous \u00eates dynamique, rigoureux et aimez le travail bien fait ? Rejoignez Jessa Services ! <\/h2> <\/div> <div  class=\"cta-blue-btncol\"> <a  class=\"button big yellow dark-text\" href=\"#contact\" target=\"_self\"> Rejoignez notre \u00e9quipe <\/a> <\/div> <\/div> <\/div> <\/div>","protected":false},"excerpt":{"rendered":"<p>Bienvenue chez Jessa Services Votre partenaire de confiance pour un nettoyage impeccable, que vous soyez particulier ou professionnel.&nbsp; Sp\u00e9cialistes de l\u2019entretien et de la propret\u00e9, nous vous offrons des prestations sur mesure adapt\u00e9es \u00e0 vos besoins : nettoyage de bureaux, d\u2019immeubles, de maisons, de commerces ou encore de repassage. Notre engagement ? Vous garantir un&hellip; <br \/> <a class=\"button small blue\" href=\"https:\/\/jessaservices.com\/index.php\/2025\/03\/14\/bonjour-tout-le-monde\/\">Lire la suite<\/a><\/p>\n","protected":false},"author":1,"featured_media":0,"parent":0,"menu_order":0,"comment_status":"closed","ping_status":"closed","template":"","meta":{"footnotes":""},"class_list":["post-5","page","type-page","status-publish","hentry"],"_links":{"self":[{"href":"https:\/\/jessaservices.com\/index.php\/wp-json\/wp\/v2\/pages\/5","targetHints":{"allow":["GET"]}}],"collection":[{"href":"https:\/\/jessaservices.com\/index.php\/wp-json\/wp\/v2\/pages"}],"about":[{"href":"https:\/\/jessaservices.com\/index.php\/wp-json\/wp\/v2\/types\/page"}],"author":[{"embeddable":true,"href":"https:\/\/jessaservices.com\/index.php\/wp-json\/wp\/v2\/users\/1"}],"replies":[{"embeddable":true,"href":"https:\/\/jessaservices.com\/index.php\/wp-json\/wp\/v2\/comments?post=5"}],"version-history":[{"count":12,"href":"https:\/\/jessaservices.com\/index.php\/wp-json\/wp\/v2\/pages\/5\/revisions"}],"predecessor-version":[{"id":61,"href":"https:\/\/jessaservices.com\/index.php\/wp-json\/wp\/v2\/pages\/5\/revisions\/61"}],"wp:attachment":[{"href":"https:\/\/jessaservices.com\/index.php\/wp-json\/wp\/v2\/media?parent=5"}],"curies":[{"name":"wp","href":"https:\/\/api.w.org\/{rel}","templated":true}]}}